of 377931?
3, 263, 479
List the prime factors of 3033370.
2, 5, 303337
List the prime factors of 3583024.
2, 223939
What are the prime factors of 2329335?
3, 5, 37, 1399
What are the prime factors of 1206527?
7, 24623
What are the prime factors of 102259?
102259
What are the prime factors of 2954719?
17, 173807
What are the prime factors of 1324573?
1324573
What are the prime factors of 1514051?
7, 11, 53
List the prime factors of 219661.
13, 61, 277
List the prime factors of 1006244.
2, 251561
What are the prime factors of 2512636?
2, 7, 19, 4723
List the prime factors of 1066747.
11, 37, 2621
What are the prime factors of 198026?
2, 99013
What are the prime factors of 3374360?
2, 5, 11, 7669
What are the prime factors of 5399600?
2, 5, 13499
What are the prime factors of 96344?
2, 12043
List the prime factors of 1217587.
7, 31, 181
What are the prime factors of 2339694?
2, 3, 7, 31, 599
List the prime factors of 114533.
53, 2161
List the prime factors of 284409.
3, 31601
List the prime factors of 14453179.
13, 17, 3847
What are the prime factors of 17486315?
5, 7, 11, 4129
What are the prime factors of 5839752?
2, 3, 53, 4591
What are the prime factors of 1318526?
2, 11, 73, 821
What are the prime factors of 304303?
304303
List the prime factors of 411323.
11, 61, 613
What are the prime factors of 499714?
2, 249857
What are the prime factors of 36543858?
2, 3, 13, 257, 1823
What are the prime factors of 68287?
23, 2969
What are the prime factors of 4148675?
5, 165947
What are the prime factors of 6044887?
449, 13463
List the prime factors of 1318488.
2, 3, 137, 401
What are the prime factors of 1891813?
7, 11, 79, 311
What are the prime factors of 7214830?
2, 5, 7, 103069
List the prime factors of 568906.
2, 13, 21881
What are the prime factors of 868964?
2, 217241
List the prime factors of 281014.
2, 23, 41, 149
What are the prime factors of 1032705?
3, 5, 53, 433
What are the prime factors of 16708771?
19, 41, 89, 241
What are the prime factors of 5063420?
2, 5, 409, 619
List the prime factors of 1040781.
3, 7, 29, 1709
What are the prime factors of 3102329?
47, 149, 443
List the prime factors of 244373.
31, 7883
List the prime factors of 14206015.
5, 19, 229, 653
What are the prime factors of 30397?
113, 269
List the prime factors of 28431825.
3, 5, 233, 1627
What are the prime factors of 502368?
2, 3, 5233
What are the prime factors of 6723418?
2, 13, 29, 37, 241
List the prime factors of 2279084.
2, 569771
List the prime factors of 52165.
5, 10433
List the prime factors of 208024.
2, 26003
List the prime factors of 13804215.
3, 5, 920281
List the prime factors of 15323047.
269, 56963
List the prime factors of 8863130.
2, 5, 886313
List the prime factors of 1351448.
2, 7, 24133
List the prime factors of 927754.
2, 307, 1511
What are the prime factors of 1587155?
5, 317431
What are the prime factors of 17573406?
2, 3, 89, 32909
List the prime factors of 395758.
2, 11, 17989
What are the prime factors of 1176908?
2, 294227
What are the prime factors of 208396?
2, 53, 983
What are the prime factors of 3265375?
5, 151, 173
List the prime factors of 11056534.
2, 5528267
What are the prime factors of 625550?
2, 5, 12511
List the prime factors of 620259.
3, 47, 53, 83
List the prime factors of 1965625.
5, 17, 37
What are the prime factors of 1513715?
5, 7, 61, 709
What are the prime factors of 203166?
2, 3, 11287
List the prime factors of 724247.
23, 31489
What are the prime factors of 13183015?
5, 61, 43223
List the prime factors of 218571.
3, 41, 1777
List the prime factors of 558190.
2, 5, 55819
List the prime factors of 293426.
2, 7, 20959
List the prime factors of 571784.
2, 71473
What are the prime factors of 91326?
2, 3, 31, 491
List the prime factors of 431948.
2, 11, 9817
List the prime factors of 4155879.
3, 7, 13, 1171
List the prime factors of 1961022.
2, 3, 7, 46691
What are the prime factors of 431851?
7, 17, 19, 191
List the prime factors of 2109639.
3, 7, 100459
What are the prime factors of 2381709?
3, 11, 72173
What are the prime factors of 11296334?
2, 7, 67, 12043
What are the prime factors of 478224?
2, 3, 41
What are the prime factors of 213843?
3, 7, 17, 599
List the prime factors of 418916.
2, 104729
What are the prime factors of 2072906?
2, 11, 59, 1597
List the prime factors of 7379349.
3, 53, 46411
What are the prime factors of 1157400?
2, 3, 5, 643
List the prime factors of 154440.
2, 3, 5, 11, 13
What are the prime factors of 4544427?
3, 137, 11057
What are the prime factors of 485764?
2, 121441
List the prime factors of 391131.
3, 13, 3343
List the prime factors of 218205.
3, 5, 13, 373
What are the prime factors of 10063235?
5, 7, 13, 17, 1301
List the prime factors of 2204740.
2, 5, 110237
List the prime factors of 3516.
2, 3, 293
What are the prime factors of 4996659?
3, 67, 24859
What are the prime factors of 156638?
2, 17, 271
List the prime factors of 144746.
2, 7, 211
List the prime factors of 1048399.
11, 191, 499
List the prime factors of 333247.
23, 14489
List the prime factors of 11796976.
2, 23, 32057
List the prime factors of 777545.
5, 155509
List the prime factors of 11774962.
2, 1987, 2963
What are the prime factors of 1160313?
3, 7, 11, 5023
What are the prime factors of 268147?
11, 19, 1283
List the prime factors of 319938.
2, 3, 53323
What are the prime factors of 80066?
2, 7, 19, 43
What are the prime factors of 243956?
2, 71, 859
What are the prime factors of 12547268?
2, 3136817
What are the prime factors of 1230275?
5, 49211
What are the prime factors of 28711?
28711
What are the prime factors of 103000?
2, 5, 103
What are the prime factors of 1830880?
2, 5, 11443
List the prime factors of 1328384.
2, 5189
What are the prime factors of 3250044?
2, 3, 7, 1433
List the prime factors of 373334.
2, 13, 83, 173
What are the prime factors of 4817475?
3, 5, 13, 61
List the prime factors of 8018456.
2, 19, 71, 743
What are the prime factors of 52827?
3, 17609
List the prime factors of 3630065.
5, 726013
List the prime factors of 6215572.
2, 11, 141263
What are the prime factors of 740983?
97, 7639
List the prime factors of 19062267.
3, 7, 907727
What are the prime factors of 1526818?
2, 763409
List the prime factors of 209158.
2, 104579
What are the prime factors of 77735?
5, 7, 2221
List the prime factors of 8213.
43, 191
List the prime factors of 933988.
2, 11, 21227
What are the prime factors of 336476?
2, 7, 61, 197
What are the prime factors of 1156602?
2, 3, 192767
What are the prime factors of 226289?
7, 32327
What are the prime factors of 9866670?
2, 3, 5, 11, 29, 1031
List the prime factors of 6425457.
3, 37, 107, 541
What are the prime factors of 132148?
2, 33037
List the prime factors of 8037915.
3, 5, 535861
List the prime factors of 575255.
5, 103, 1117
What are the prime factors of 4790609?
4790609
List the prime factors of 5075329.
7, 499, 1453
What are the prime factors of 13895440?
2, 5, 13, 31, 431
List the prime factors of 1099555.
5, 219911
List the prime factors of 4476282.
2, 3, 746047
What are the prime factors of 2406799?
2406799
What are the prime factors of 3103891?
7, 443413
What are the prime factors of 205439?
13, 15803
What are the prime factors of 132764?
2, 33191
List the prime factors of 2124655.
5, 13, 32687
What are the prime factors of 875466?
2, 3, 17, 2861
List the prime factors of 8994615.
3, 5, 7, 17, 5039
List the prime factors of 53826.
2, 3, 8971
What are the prime factors of 8375409?
3, 7, 19, 6997
List the prime factors of 1047768.
2, 3, 149, 293
What are the prime factors of 650482?
2, 7, 97, 479
List the prime factors of 1551153.
3, 41, 12611
What are the prime factors of 16799650?
2, 5, 7, 6857
List the prime factors of 1165612.
2, 7, 19, 313
List the prime factors of 1375939.
59, 23321
What are the prime factors of 9837069?
3, 11, 298093
What are the prime factors of 509901?
3, 7, 24281
List the prime factors of 73241.
7, 10463
What are the prime factors of 8350541?
23, 363067
What are the prime factors of 647112?
2, 3, 59, 457
List the prime factors of 3917234.
2, 1958617
What are the prime factors of 615662?
2, 307831
What are the prime factors of 434672?
2, 7, 3881
What are the prime factors of 1971814?
2, 13, 181, 419
List the prime factors of